2 + i - 169. Let j be g(a). Let q = 258 + j. What is the tens digit of q?
8
Let u be ((6/2)/3)/(1/(-2127)). Let c = -1246 - u. What is the tens digit of c?
8
Suppose 73*f - 143385 = 170077. What is the hundreds digit of f?
2
Let r(p) = -19*p - 44. Suppose -17*q + 261 = -26*q. What is the units digit of r(q)?
7
Let j(x) be the first derivative of -35*x**2/2 - 30*x - 153. What is the hundreds digit of j(-11)?
3
Let t be (82840/(-36))/(-5) - (-2)/(-9). Suppose -3*b + 444 = 2*c, 6*c + b = 8*c - t. Let d = c - 84. What is the hundreds digit of d?
1
Let i = -10665 - -15813. What is the hundreds digit of i?
1
Suppose -964497 - 40656 = -40*w + 2037047. What is the thousands digit of w?
6
Let o = 37 - 45. Let g be (1 - -1)*o/(-16). Suppose 0 = -5*f - 0*f - 2*x - g, -3*x - 9 = 0. What is the units digit of f?
1
Suppose 6*q = -927 - 1215. Let v = q + 674. What is the hundreds digit of v?
3
Suppose 2*g = -i + 21, -2*i - 5*g + 53 = 11. What is the tens digit of i?
2
Suppose 1689 = 5*m - 1216. Suppose 0 = -5*s - m + 46. What is the hundreds digit of -1 + -3 - (s - 3)?
1
Let k(n) = -n**2 + 20*n - 14. Let i be k(10). Suppose 6*u = -1820 + i. Let r = -188 - u. What is the units digit of r?
1
Suppose y = -3*g + 41246, -5*y + 304038 - 97797 = 4*g. What is the units digit of y?
9
Suppose -7*m + 2695 = -18*m. Let s = -145 - m. What is the tens digit of s?
0
What is the tens digit of ((-132714)/(-876))/((5/(-282))/(-5))?
2
Let r = 299 - -4232. What is the tens digit of r?
3
Suppose 4*j - j - 111 = -3*w, -5*j + 177 = w. Let u = 40 - j. Suppose -3*g = -6, t + u*g - 58 = g. What is the tens digit of t?
5
Let l(q) = -q**2 + 11*q - 16. Let h be l(9). Let x be (h + -2246)/(-4) - -4. Suppose -7*m + 2*m = 5, 0 = 4*v - m - x. What is the tens digit of v?
4
Suppose 14*g + 129580 = 34*g. Suppose 3*v = 5*i - g, -2*i + 4*v + 626 = -1960. What is the hundreds digit of i?
2
Suppose -16*j + 20265 = -j. Let y = j - 726. What is the tens digit of y?
2
Let r(v) = 7*v**3 + 61*v**2 - 60*v - 69. Let f(c) = -3*c**3 - 30*c**2 + 31*c + 34. Let u(q) = 9*f(q) + 4*r(q). What is the units digit of u(25)?
0
Let j = 189 + -187. What is the hundreds digit of (-5 + 0)*(6012/(-30) + j)?
9
Let u be 363/22*((-14)/(-6) - -3). Suppose 0 = -21*m + 19*m - 8, -u = -2*g + 2*m. What is the units digit of g?
0
Suppose k - 591 = -d, 0*k + 1178 = 2*k + d. Let c(v) = 3*v**3 + v**2 + 10*v + 45. Let i be c(-5). Let w = k + i. What is the tens digit of w?
3
Let i = -7 + 33. Suppose r - 9 = 3*u - i, -5*u + 29 = -2*r. Let g(t) = 6*t**2 - 9*t + 17. What is the units digit of g(u)?
2
Let s be 1 - ((-196)/2 + 4) - 4. Let c = 94 - s. Suppose d + 2*a = -c*a + 135, -5*a + 635 = 5*d. What is the units digit of d?
5
Suppose -z - 3 = -4*f, 4*f + 2*z - 6 = 4*z. Suppose g = -f*g + 4. What is the units digit of (3 + -1)*(40 + g)?
8
Let o(c) = 5*c**3 - 5 + 3*c - 4*c**3 + 3*c. Let b be o(4). What is the tens digit of (b - 0/(-2)) + (4 - 2)?
8
Suppose -3*n = -4*c + 12, 10*n - 2*c = 7*n - 6. Suppose n*a + 2*a + 12 = 0. What is the tens digit of a/(-18)*-3 + 199?
9
Suppose 4*x = 3*a - 105, -5*x + 2*a - 33 - 107 = 0. What is the units digit of 17/((-50)/(-66) + 20/x)?
7
Let c(w) = -8*w + 13. Let k be c(1). Suppose -3*d - 5 = -8, k*d + 421 = 2*f. What is the units digit of f?
3
Let i(u) be the second derivative of -8*u**3/3 + 39*u**2 + 239*u. What is the hundreds digit of i(-37)?
6
Suppose -26 + 16 = -5*o. Suppose -o*v + 4*u + 2106 = 0, 2*v - 7*v + 5256 = -u. What is the hundreds digit of v?
0
Suppose -695*o + 354*o = -17691080. What is the units digit of o?
0
What is the tens digit of ((-846)/(-90))/(4/10380)?
9
Let i(r) = -2*r**2 + 3*r + 3. Let w be i(-8). Suppose -5*d + 268 = -842. Let p = w + d. What is the tens digit of p?
7
Let l(t) = 5*t**2 - 112*t - 28. Let j be l(22). What is the hundreds digit of 1767 + 9/(81/j)?
7
Let q be (0*8/48)/(3 - 2). What is the hundreds digit of 12/(-18)*(-156 + q)?
1
Let z = 91 + -164. Let n = z + 76. Suppose 0 = -4*d - n*b + 663, 3*d + 0*b - 2*b = 493. What is the tens digit of d?
6
Suppose 4*p - 209*a + 205*a - 41956 = 0, 0 = -p + 4*a + 10495. What is the units digit of p?
7
Let r(c) = -3*c**2 - 4*c - 6. Let l be r(-5). Let k = -107 + 97. Let s = k - l. What is the units digit of s?
1
Let q = -48 - -43. Let r(z) = -77*z - 32. Let d(m) = -26*m - 11. Let f(n) = -11*d(n) + 4*r(n). What is the tens digit of f(q)?
0
Suppose -13216 = -821*x + 817*x - 3*k, -3*x + 5*k = -9883. What is the hundreds digit of x?
3
What is the hundreds digit of (-107 + 825)*(-9)/(-2)?
2
Let h be (-413 - 4) + (0 + -2 - 3). What is the tens digit of h*((-39)/6 - -6)?
1
Suppose 3*g + 5808 = 2*f, 0 = -2*g - 43 + 39. What is the tens digit of f?
0
Let z be (-1456)/(-3) - 8/(-12). Suppose j - 5*g - 1465 + z = 0, -j - g + 997 = 0. What is the hundreds digit of j?
9
Suppose -38*r - 34*r = -61*r - 141350. What is the ten thousands digit of r?
1
Suppose 101*l - 61*l - 174560 = 0. What is the tens digit of l?
6
Let s(u) = 2*u**3 + u**2 + u + 6. Let t be s(3). Let y = 76 - t. Suppose 9*j = y*j + 1060. What is the units digit of j?
2
Let o = -11188 + 23293. What is the tens digit of o?
0
Suppose 3*y = -z + 9, 2*z = 2*y - 7*y + 16. Let a(r) = 55*r + 22. What is the tens digit of a(y)?
3
Let q(y) be the first derivative of -5*y**2 - 4. Let f be q(3). What is the units digit of f/(-3 - (-135)/50)?
0
Let o be 1 + -1 - 0 - (-660)/132. Suppose o*g = 4*c - 5472, c - g - 108 = 1260. What is the units digit of c?
8
Suppose -n = 11*n - 468. Suppose g + n - 40 = 0. What is the units digit of g?
1
Suppose -2*u + 2*o = -127220, 0 = -4*u - 56*o + 61*o + 254440. What is the ten thousands digit of u?
6
What is the tens digit of 422*(8 + 0) - 4?
7
Let r be ((-21)/6)/(4/912*-2). Suppose r + 89 = 4*c. Let v = -115 + c. What is the units digit of v?
7
Suppose 942*j - 960*j = -303426. What is the tens digit of j?
5
Let a be (1*-3)/(-1) + (-10824)/(-12). Suppose -6*u - a = -2*n - 9*u, 5*n - 2*u - 2215 = 0. What is the hundreds digit of n?
4
Suppose 12923 = n + 2*r - 12408, -75978 = -3*n - r. What is the hundreds digit of n?
3
Let b(i) = -i**3 + 2*i**2 + 2*i + 5. Let u be b(0). What is the tens digit of -10*(-40)/12*12/u?
8
Let f = -21 - -14. Let c be (-22)/f - 5/35. Suppose 0 = -c*o + 3 + 3. What is the units digit of o?
2
Let m = -631 + 1169. Let y = -204 + m. What is the units digit of y?
4
Suppose -2*h + 63 = -5*h. Let x be h/49 + 24/7. What is the units digit of x*(-5)/2*-2?
5
Let t = -28 - -31. Suppose -256 = t*w - 5*w. Let z = -71 + w. What is the tens digit of z?
5
Suppose 0 = -2*w - 8, -5*w + 2*w + 13 = 5*q. Suppose 286 = q*h + p - 248, -4 = -p. What is the units digit of (-2 - h/(-10))/((-5)/(-25))?
3
Let f(c) = 601*c**2 + 103*c + 592. What is the tens digit of f(-6)?
1
Let y(l) be the first derivative of -9*l**4 - 4*l**3/3 - l**2/2 + 6*l - 25. What is the hundreds digit of y(-2)?
2
Let l be (-2)/(-12) - -87*1/18. Suppose -5*v + 2271 = -2*v + l*n, 4*v = 5*n + 3063. What is the tens digit of v?
6
Suppose -5*c + 4785 = 3*f, -3*c - 5*f = -f - 2860. Suppose 14*p - c = 10*p. What is the units digit of p?
0
Let a(p) = -45*p + 339. Let s be a(8). What is the hundreds digit of (9 + s + 10)*(-746)/4?
3
Suppose 168*c + 19410 = 174*c. What is the hundreds digit of c?
2
Let w = 25 - -61. Let q = w + -10. What is the tens digit of q?
7
Let k be ((-3)/4)/(102/(-16) - -6). Suppose g - 2229 = -4*o, k*o + 3*g + 567 = 3*o. What is the tens digit of o?
5
Let x = 10929 - 3270. What is the tens digit of x?
5
Let x = -11742 + 11839. What is the tens digit of x?
9
Let g(o) = 232*o**2 - o - 12. What is the hundreds digit of g(4)?
6
Suppose -47 = 5*b - 262. Let z = b - -138. Suppose -589 - z = -5*q. What is the tens digit of q?
5
Let a = 205 - -1269. Suppose -a = -13*h - 265. What is the tens digit of h?
9
Suppose 2*z + v = -3, 5*z = v + 5 - 2. Suppose -2*k - 8508 = -4*c, 3*c - c + 4*k - 4234 = z. Suppose 13*i + 474 - c = 0. What is the tens digit of i?
2
Let l(z) = -z**2 + 7*z - 5. Let r = 32 - 30. Let o be l(r). Suppose -2*n + 313 = 2*x - 5*n, -o*x + 770 = 5*n. What is the hundreds digit of x?
1
Let b(p) be the third derivative of 109*p**4/24 - 5*p**3/2 + 48*p**2. What is the units digit of b(7)?
8
Let z be -3 - -326*3/6. Suppose -368 = -2*h + z. What is the tens digi